e u - q = 5, h + 3 = 3*q. Calculate the remainder when m is divided by u.
6
Suppose 2*o = 36 + 58. Calculate the remainder when o is divided by (-60)/90*(-18 + 3) - -1.
3
Calculate the remainder when 7713200/340 + 4/34 is divided by 10.
6
Suppose -14477 = 26*w - 57*w. Calculate the remainder when 1403 is divided by w.
2
Let a(o) = 2*o**3 - 46*o**2 - 49*o + 47. Calculate the remainder when 4875 is divided by a(24).
22
Suppose 16*h - 12*h = -1592. Let g = h + 408. What is the remainder when 187 is divided by g?
7
Suppose 0 = -2*a - 154 + 132. What is the remainder when (-6)/(-2) - (a + (4 - 2)) is divided by 2?
0
Let w = -9844 + 10578. Calculate the remainder when w is divided by 46.
44
Let n = -970 - -975. What is the remainder when 272 is divided by n?
2
Suppose r - 2*r = u - 112, 2*r - 3*u = 249. Let b = -243 - -269. Calculate the remainder when r is divided by b.
13
Let n(b) = 2*b**3 + 16*b**2 + 37*b + 332. Calculate the remainder when 575 is divided by n(-8).
35
Calculate the remainder when -765*10/(-330)*11 is divided by 53.
43
Let f = 8197 + -7708. Calculate the remainder when f is divided by 25.
14
Let l(s) = 41*s**2 - 34*s + 63. What is the remainder when l(3) is divided by 330?
0
Let t(r) = -85*r**3 + 9*r**2 + 16*r - 16. What is the remainder when t(-2) is divided by 98?
80
Let x = -49 - -49. Suppose -s = 5*v - 12, x = 2*s - v + 2*v - 6. Suppose -n = 2*h + s*h + 7, -2*n = -5*h - 38. What is the remainder when 25 is divided by n?
7
Let g(m) = -2*m**2 - 3*m + 6. Let k be g(2). Calculate the remainder when (-2 + 1)/(3/(-219)) is divided by (-9 - k)*(-4 + 0/(-3)).
1
Suppose 281 = 2*i + 4*z - 239, 4*z + 810 = 3*i. Calculate the remainder when i is divided by 63.
14
Let z = -25 + 35. Suppose 2*r - 5*w - 33 = 0, -5*r + 3*r + 3*w + 39 = 0. What is the remainder when ((-92)/z)/((-1)/10) is divided by r?
20
Suppose 0*t = -2*c - t + 30, -3*c - 2*t + 45 = 0. Suppose -c*d - 126 = -21*d. What is the remainder when 47 is divided by d?
5
Calculate the remainder when (-2106200)/(-1500) + 2/(-15) is divided by 464.
12
Suppose 2*g + 438 = 3*g. Suppose 4*z - 66 = -5*j, -107*z - 4*j - 21 = -112*z. What is the remainder when g is divided by z?
6
Let b be 0/2*(16 - 15). Let p be ((-24)/(-2))/(2 + b). Calculate the remainder when ((-35)/(-21))/(2/p) is divided by 2.
1
What is the remainder when 16364 is divided by -1*-8*110/20?
40
Let w(o) be the third derivative of 19*o**4/24 - 10*o**3/3 - o**2 - 20*o. What is the remainder when 120 is divided by w(4)?
8
What is the remainder when (-12 - -5) + 749/42*6 is divided by 106*((-6)/(-4))/3?
47
Let v(h) = -h**3 + 11*h**2 - 14*h - 9. Let i be v(9). Suppose -30*l + i*l = -18. Let g(d) = -d + 24. Calculate the remainder when g(8) is divided by l.
4
Suppose -2*g = -5*v + 74, -9*g + 4*g = v - 4. Suppose 0 = -17*r + v*r + 3*q + 1200, 1990 = 5*r - 3*q. Calculate the remainder when r is divided by 44.
43
Suppose 0 = -7*p - 21 + 28. Calculate the remainder when p + -8 + 85 + 1/(-1) is divided by 26.
25
Let r(o) = -456*o - 632. What is the remainder when 2209 is divided by r(-3)?
1
What is the remainder when (-5 - -8)*(-2 + 23 + -2) is divided by (2/(-1))/(9/(-45))?
7
Let k = -3190 - -3948. Calculate the remainder when k is divided by 105.
23
Calculate the remainder when 123/451 - (2637/(-11) - -2) is divided by 4.
2
Let m = 8077 + -8040. Calculate the remainder when 9323 is divided by m.
36
Let b be 3/(-2)*5/5*2. Calculate the remainder when (176/(-24) + 7)*b*81 is divided by 41.
40
Suppose 5*l = 488 - 2113. What is the remainder when 88 is divided by l/(-25) - (-4)/2?
13
Let b = 232 + -221. Let r(y) = -y**3 - 10*y**2 - 7*y - 9. What is the remainder when r(-10) is divided by b?
6
Suppose -241*l + 233*l + 904 = 0. Let r = -30 + 86. Suppose 4*c = 2*c - 2*d + r, 3*c - 5*d - 92 = 0. What is the remainder when l is divided by c?
26
What is the remainder when 436 is divided by (712/24)/(2/6)?
80
Suppose -h - 196 = 146. Let p = -173 - h. What is the remainder when (-1798)/(-26) - 26/p is divided by 36?
33
What is the remainder when 973 is divided by (2916/3)/18 + -19?
28
Suppose 326 = 334*x - 331*x + d, -3*d = 5*x - 546. Calculate the remainder when 8202 is divided by x.
102
Let n be (0 - -3)*8*(-50)/(-120). Suppose -3 + 103 = n*p. Calculate the remainder when 78 is divided by p.
8
Let v(t) = 6*t**2 + 9*t - 182. Calculate the remainder when 643 is divided by v(5).
6
Suppose 11*f - 46 = 9*f - 5*r, -f + 2*r + 50 = 0. Let q = 103 - 28. What is the remainder when q is divided by f?
37
Suppose -170*f + 6858 - 908 = 0. Suppose 0 = -4*v + v + 195. What is the remainder when v is divided by f?
30
Suppose w + 1713 - 1729 = 0. Calculate the remainder when 621 is divided by w.
13
Let c = -37989 - -38070. What is the remainder when 3701 is divided by c?
56
Let i be (-10)/35 - 710/(-35). Calculate the remainder when 109 is divided by (-55)/i*(4 - 8).
10
Let d = -10027 + 10431. What is the remainder when d is divided by 127?
23
Let h be ((-145)/5)/(1 + -2). Calculate the remainder when 143 is divided by (h/1)/(-5 + 0 + 6).
27
Suppose -60 = -30*z + 30. Suppose -z*d + 27 = s, 5*s + 45 = 9*d - 6*d. Let o = -113 + 209. Calculate the remainder when o is divided by d.
6
Let t = 9062 - 8749. What is the remainder when t is divided by 272?
41
Suppose 6*v = 31 + 17. Let y = v - -1. Suppose y*k = 278 + 1. Calculate the remainder when k is divided by 19.
12
What is the remainder when 3323 is divided by (0 - (-5)/(-15)) + 44*65/30?
93
Suppose 3*n - 5*o = -24, 0 = 10*o - 9*o - 3. What is the remainder when 1632/20 - 2/(-5) is divided by (-3)/(-18)*n + (-70)/(-4)?
14
Let v(l) = -2*l - 3. Let w = -37 - -30. Suppose 0 = -k - 2*k - g + 4, k - 4*g = 23. Calculate the remainder when v(w) is divided by k.
2
Let o(t) = 89*t - 65. Calculate the remainder when 1567 is divided by o(1).
7
Let h = 2997 - 1633. Suppose -9*x + h = -4*x - 4*t, -280 = -x - t. What is the remainder when x is divided by 70?
66
Suppose 1164*l - 1155*l = 144. What is the remainder when 41 is divided by l?
9
Let d = 2180 + -1705. What is the remainder when d is divided by 13?
7
Let v = 4323 + -3538. What is the remainder when v is divided by 49?
1
Suppose -5*x - h + 161 = -4*h, x = -5*h + 49. Suppose 8*n - 1056 = -0*n. Calculate the remainder when n is divided by x.
30
Let a(z) = 4*z**2 - z. Let i = -5 - -6. Let n be a(i). Let q = n + 8. Calculate the remainder when 53 is divided by q.
9
Let b(p) = 4*p**3 + p**2. Let q be b(-1). Suppose -36 = -c + 22. What is the remainder when c is divided by 5/(20/6 + q)?
13
Let v = 48 - 51. Let a be (-112)/(-3) - v - 2/6. What is the remainder when (-4)/10 - -14*44/a is divided by 6?
3
Suppose 18*m + 192 = 34*m. Suppose -106 + 298 = m*p. What is the remainder when p is divided by 8?
0
Let v = -83 + -525. Let h = v + 712. Calculate the remainder when 516 is divided by h.
100
Suppose 3*n - 662 = -2*w, 3*n - 4*n + 1324 = 4*w. Let z = 357 - w. What is the remainder when 44 is divided by z?
18
Suppose -430 = 2625*m - 2635*m. Calculate the remainder when 3653 is divided by m.
41
Suppose -120*v + 131*v + 2 = 156. Let r(k) = -k**3 + 8*k**2 + k + 5. What is the remainder when v is divided by r(8)?
1
Let a(l) = -l - 22. Let q be a(-14). Calculate the remainder when 33 is divided by (3 + 76/q)*-2.
7
Let u = 298 - 5. Let x = u + -266. What is the remainder when 53 is divided by x?
26
Suppose -3*j - 5*g + 3 = 0, -6*g = -2*g + 12. Calculate the remainder when 131 is divided by (4/j)/((-1)/(126/(-4))).
5
Suppose -1657*x = -1617*x + 27744 - 110144. What is the remainder when x is divided by 514?
4
Let u = 443 + -86. What is the remainder when u is divided by 26?
19
Suppose 272*n - 16252 = -4*f + 275*n, -2*f + 2*n + 8130 = 0. Calculate the remainder when f is divided by 1014.
1
Suppose -2050*h + 3542 = -2027*h. Calculate the remainder when h is divided by (24/(-10))/((-2)/10).
10
Suppose -2*m + 171 = -117 + 4. What is the remainder when 1276 is divided by m?
140
Let k = -135 + 205. Calculate the remainder when k is divided by 23.
1
Suppose y - 222 = -4*y - y. What is the remainder when 2329 is divided by y?
35
Let j = -61 - -101. Let l = 53 - j. Let y(v) = v**2 - 11*v - 18. What is the remainder when 54 is divided by y(l)?
6
Suppose 0 = -229*l + 15679 - 107. Calculate t